{"id":3836,"date":"2018-01-15T18:55:24","date_gmt":"2018-01-15T17:55:24","guid":{"rendered":"http:\/\/www.nutrition-sante.diet\/site\/?page_id=3836"},"modified":"2018-03-27T19:35:25","modified_gmt":"2018-03-27T17:35:25","slug":"mentions-legales","status":"publish","type":"page","link":"https:\/\/www.nutrition-sante.diet\/site\/mentions-legales\/","title":{"rendered":"Mentions l\u00e9gales"},"content":{"rendered":"<div class=\"wpb-content-wrapper\"><p>[vc_row][vc_column][vc_column_text]<span style=\"color: #000000;\"><strong>Informations \u00e9diteur<\/strong><\/span><\/p>\n<p>Directeur de publication: Sophie Viars<br \/>\n13 all\u00e9e du Parc 31320 VIGOULET-AUZIL<\/p>\n<p><span style=\"color: #000000;\"><strong>Conception du site<\/strong><\/span><\/p>\n<p>GIH-Multimedia<br \/>\n<a href=\"http:\/\/www.gih-multimedia.com\" target=\"_blank\" rel=\"noopener\">www.gih-multimedia.com<\/a><br \/>\nTel: 06 13 50 80 30<\/p>\n<p><span style=\"color: #000000;\"><strong>H\u00e9bergement du site :<\/strong><\/span><\/p>\n<p>GANDI SAS, Soci\u00e9t\u00e9 par Actions Simplifi\u00e9e au capital de 300.000\u20ac ayant son si\u00e8ge social au<br \/>\n63-65 boulevard Massena \u00e0 Paris (75013) FRANCE,<br \/>\nimmatricul\u00e9e sous le num\u00e9ro 423 093 459 RCS PARIS<br \/>\nN\u00b0 TVA FR81423093459<br \/>\nT\u00e9l\u00e9phone : +33.(0) 1 70.37.76.61<br \/>\nT\u00e9l\u00e9copie +33.(0) 1 43 73 18 51<\/p>\n<p><span style=\"color: #000000;\"><strong>Droit d\u2019auteur \u2013 Copyright \u00a9 \u2013 Liens<\/strong><\/span><\/p>\n<p>La reproduction sur support papier, \u00e0 l\u2019exception de l\u2019iconographie, des pages de ce site est autoris\u00e9e, sous r\u00e9serve du respect des trois conditions suivantes : gratuit\u00e9 de la diffusion, respect de l\u2019int\u00e9grit\u00e9 des documents reproduits (aucune modification, ni alt\u00e9ration d\u2019aucune sorte) citation explicite du site <a href=\"http:\/\/www.nutrition-sante.diet\">http:\/\/www.nutrition-sante.diet<\/a> comme source et mention que les droits de reproduction sont r\u00e9serv\u00e9s et strictement limit\u00e9s. La reproduction de tout ou partie de ce site sur un support \u00e9lectronique est autoris\u00e9e sous r\u00e9serve de l\u2019ajout de fa\u00e7on claire et lisible de la source (<a href=\"http:\/\/www.nutrition-sante.diet\">http:\/\/www.nutrition-sante.diet<\/a>) et de la mention \u00ab\u00a0Droits r\u00e9serv\u00e9s\u00a0\u00bb.[\/vc_column_text][\/vc_column][\/vc_row]<\/p>\n<\/div>","protected":false},"excerpt":{"rendered":"<p>[vc_row][vc_column][vc_column_text]Informations \u00e9diteur Directeur de publication: Sophie Viars 13 all\u00e9e du Parc 31320 VIGOULET-AUZIL Conception du site GIH-Multimedia www.gih-multimedia.com Tel: 06 13 50 80 30 H\u00e9bergement du site : GANDI SAS, Soci\u00e9t\u00e9 par Actions Simplifi\u00e9e au capital de 300.000\u20ac ayant son si\u00e8ge social au 63-65 boulevard Massena \u00e0 Paris (75013) FRANCE, immatricul\u00e9e sous le num\u00e9ro 423 &hellip; <a href=\"https:\/\/www.nutrition-sante.diet\/site\/mentions-legales\/\" class=\"more-link\">Continue reading <span class=\"screen-reader-text\">Mentions l\u00e9gales<\/span><\/a><\/p>\n","protected":false},"author":2,"featured_media":0,"parent":0,"menu_order":0,"comment_status":"closed","ping_status":"closed","template":"","meta":{"footnotes":""},"class_list":["post-3836","page","type-page","status-publish","hentry"],"yoast_head":"<!-- This site is optimized with the Yoast SEO plugin v27.2 - https:\/\/yoast.com\/product\/yoast-seo-wordpress\/ -->\n<title>Mentions l\u00e9gales - Sophie Viars - Di\u00e9t\u00e9ticienne Nutritionniste<\/title>\n<meta name=\"robots\" content=\"index, follow, max-snippet:-1, max-image-preview:large, max-video-preview:-1\" \/>\n<link rel=\"canonical\" href=\"https:\/\/www.nutrition-sante.diet\/site\/mentions-legales\/\" \/>\n<meta property=\"og:locale\" content=\"fr_FR\" \/>\n<meta property=\"og:type\" content=\"article\" \/>\n<meta property=\"og:title\" content=\"Mentions l\u00e9gales - Sophie Viars - Di\u00e9t\u00e9ticienne Nutritionniste\" \/>\n<meta property=\"og:description\" content=\"[vc_row][vc_column][vc_column_text]Informations \u00e9diteur Directeur de publication: Sophie Viars 13 all\u00e9e du Parc 31320 VIGOULET-AUZIL Conception du site GIH-Multimedia www.gih-multimedia.com Tel: 06 13 50 80 30 H\u00e9bergement du site : GANDI SAS, Soci\u00e9t\u00e9 par Actions Simplifi\u00e9e au capital de 300.000\u20ac ayant son si\u00e8ge social au 63-65 boulevard Massena \u00e0 Paris (75013) FRANCE, immatricul\u00e9e sous le num\u00e9ro 423 &hellip; Continue reading Mentions l\u00e9gales\" \/>\n<meta property=\"og:url\" content=\"https:\/\/www.nutrition-sante.diet\/site\/mentions-legales\/\" \/>\n<meta property=\"og:site_name\" content=\"Sophie Viars - Di\u00e9t\u00e9ticienne Nutritionniste\" \/>\n<meta property=\"article:modified_time\" content=\"2018-03-27T17:35:25+00:00\" \/>\n<meta name=\"twitter:card\" content=\"summary_large_image\" \/>\n<meta name=\"twitter:label1\" content=\"Dur\u00e9e de lecture estim\u00e9e\" \/>\n\t<meta name=\"twitter:data1\" content=\"1 minute\" \/>\n<script type=\"application\/ld+json\" class=\"yoast-schema-graph\">{\"@context\":\"https:\/\/schema.org\",\"@graph\":[{\"@type\":\"WebPage\",\"@id\":\"https:\/\/www.nutrition-sante.diet\/site\/mentions-legales\/\",\"url\":\"https:\/\/www.nutrition-sante.diet\/site\/mentions-legales\/\",\"name\":\"Mentions l\u00e9gales - Sophie Viars - Di\u00e9t\u00e9ticienne Nutritionniste\",\"isPartOf\":{\"@id\":\"https:\/\/www.nutrition-sante.diet\/site\/#website\"},\"datePublished\":\"2018-01-15T17:55:24+00:00\",\"dateModified\":\"2018-03-27T17:35:25+00:00\",\"breadcrumb\":{\"@id\":\"https:\/\/www.nutrition-sante.diet\/site\/mentions-legales\/#breadcrumb\"},\"inLanguage\":\"fr-FR\",\"potentialAction\":[{\"@type\":\"ReadAction\",\"target\":[\"https:\/\/www.nutrition-sante.diet\/site\/mentions-legales\/\"]}]},{\"@type\":\"BreadcrumbList\",\"@id\":\"https:\/\/www.nutrition-sante.diet\/site\/mentions-legales\/#breadcrumb\",\"itemListElement\":[{\"@type\":\"ListItem\",\"position\":1,\"name\":\"Accueil\",\"item\":\"https:\/\/www.nutrition-sante.diet\/site\/\"},{\"@type\":\"ListItem\",\"position\":2,\"name\":\"Mentions l\u00e9gales\"}]},{\"@type\":\"WebSite\",\"@id\":\"https:\/\/www.nutrition-sante.diet\/site\/#website\",\"url\":\"https:\/\/www.nutrition-sante.diet\/site\/\",\"name\":\"Sophie Viars - Di\u00e9t\u00e9ticienne Nutritionniste\",\"description\":\"\",\"potentialAction\":[{\"@type\":\"SearchAction\",\"target\":{\"@type\":\"EntryPoint\",\"urlTemplate\":\"https:\/\/www.nutrition-sante.diet\/site\/?s={search_term_string}\"},\"query-input\":{\"@type\":\"PropertyValueSpecification\",\"valueRequired\":true,\"valueName\":\"search_term_string\"}}],\"inLanguage\":\"fr-FR\"}]}<\/script>\n<!-- \/ Yoast SEO plugin. -->","yoast_head_json":{"title":"Mentions l\u00e9gales - Sophie Viars - Di\u00e9t\u00e9ticienne Nutritionniste","robots":{"index":"index","follow":"follow","max-snippet":"max-snippet:-1","max-image-preview":"max-image-preview:large","max-video-preview":"max-video-preview:-1"},"canonical":"https:\/\/www.nutrition-sante.diet\/site\/mentions-legales\/","og_locale":"fr_FR","og_type":"article","og_title":"Mentions l\u00e9gales - Sophie Viars - Di\u00e9t\u00e9ticienne Nutritionniste","og_description":"[vc_row][vc_column][vc_column_text]Informations \u00e9diteur Directeur de publication: Sophie Viars 13 all\u00e9e du Parc 31320 VIGOULET-AUZIL Conception du site GIH-Multimedia www.gih-multimedia.com Tel: 06 13 50 80 30 H\u00e9bergement du site : GANDI SAS, Soci\u00e9t\u00e9 par Actions Simplifi\u00e9e au capital de 300.000\u20ac ayant son si\u00e8ge social au 63-65 boulevard Massena \u00e0 Paris (75013) FRANCE, immatricul\u00e9e sous le num\u00e9ro 423 &hellip; Continue reading Mentions l\u00e9gales","og_url":"https:\/\/www.nutrition-sante.diet\/site\/mentions-legales\/","og_site_name":"Sophie Viars - Di\u00e9t\u00e9ticienne Nutritionniste","article_modified_time":"2018-03-27T17:35:25+00:00","twitter_card":"summary_large_image","twitter_misc":{"Dur\u00e9e de lecture estim\u00e9e":"1 minute"},"schema":{"@context":"https:\/\/schema.org","@graph":[{"@type":"WebPage","@id":"https:\/\/www.nutrition-sante.diet\/site\/mentions-legales\/","url":"https:\/\/www.nutrition-sante.diet\/site\/mentions-legales\/","name":"Mentions l\u00e9gales - Sophie Viars - Di\u00e9t\u00e9ticienne Nutritionniste","isPartOf":{"@id":"https:\/\/www.nutrition-sante.diet\/site\/#website"},"datePublished":"2018-01-15T17:55:24+00:00","dateModified":"2018-03-27T17:35:25+00:00","breadcrumb":{"@id":"https:\/\/www.nutrition-sante.diet\/site\/mentions-legales\/#breadcrumb"},"inLanguage":"fr-FR","potentialAction":[{"@type":"ReadAction","target":["https:\/\/www.nutrition-sante.diet\/site\/mentions-legales\/"]}]},{"@type":"BreadcrumbList","@id":"https:\/\/www.nutrition-sante.diet\/site\/mentions-legales\/#breadcrumb","itemListElement":[{"@type":"ListItem","position":1,"name":"Accueil","item":"https:\/\/www.nutrition-sante.diet\/site\/"},{"@type":"ListItem","position":2,"name":"Mentions l\u00e9gales"}]},{"@type":"WebSite","@id":"https:\/\/www.nutrition-sante.diet\/site\/#website","url":"https:\/\/www.nutrition-sante.diet\/site\/","name":"Sophie Viars - Di\u00e9t\u00e9ticienne Nutritionniste","description":"","potentialAction":[{"@type":"SearchAction","target":{"@type":"EntryPoint","urlTemplate":"https:\/\/www.nutrition-sante.diet\/site\/?s={search_term_string}"},"query-input":{"@type":"PropertyValueSpecification","valueRequired":true,"valueName":"search_term_string"}}],"inLanguage":"fr-FR"}]}},"_links":{"self":[{"href":"https:\/\/www.nutrition-sante.diet\/site\/wp-json\/wp\/v2\/pages\/3836","targetHints":{"allow":["GET"]}}],"collection":[{"href":"https:\/\/www.nutrition-sante.diet\/site\/wp-json\/wp\/v2\/pages"}],"about":[{"href":"https:\/\/www.nutrition-sante.diet\/site\/wp-json\/wp\/v2\/types\/page"}],"author":[{"embeddable":true,"href":"https:\/\/www.nutrition-sante.diet\/site\/wp-json\/wp\/v2\/users\/2"}],"replies":[{"embeddable":true,"href":"https:\/\/www.nutrition-sante.diet\/site\/wp-json\/wp\/v2\/comments?post=3836"}],"version-history":[{"count":5,"href":"https:\/\/www.nutrition-sante.diet\/site\/wp-json\/wp\/v2\/pages\/3836\/revisions"}],"predecessor-version":[{"id":4186,"href":"https:\/\/www.nutrition-sante.diet\/site\/wp-json\/wp\/v2\/pages\/3836\/revisions\/4186"}],"wp:attachment":[{"href":"https:\/\/www.nutrition-sante.diet\/site\/wp-json\/wp\/v2\/media?parent=3836"}],"curies":[{"name":"wp","href":"https:\/\/api.w.org\/{rel}","templated":true}]}}